
What are the prime factors of 260?
2, 5, 13
List the prime factors of 2285.
5, 457
List the prime factors of 28596.
2, 3, 2383
What are the prime factors of 2419?
41, 59
What are the prime factors of 1364?
2, 11, 31
List the prime factors of 19022.
2, 9511
List the prime factors of 2587.
13, 199
What are the prime factors of 1380?
2, 3, 5, 23
What are the prime factors of 3843?
3, 7, 61
List the prime factors of 731.
17, 43
List the prime factors of 13545.
3, 5, 7, 43
What are the prime factors of 33703?
33703
What are the prime factors of 4291?
7, 613
What are the prime factors of 1053?
3, 13
What are the prime factors of 35287?
7, 71
List the prime factors of 6092.
2, 1523
What are the prime factors of 43998?
2, 3, 7333
What are the prime factors of 26538?
2, 3, 4423
List the prime factors of 7246.
2, 3623
List the prime factors of 1573.
11, 13
List the prime factors of 31478.
2, 15739
List the prime factors of 10572.
2, 3, 881
List the prime factors of 18378.
2, 3, 1021
List the prime factors of 37197.
3, 4133
List the prime factors of 54131.
7, 11, 19, 37
What are the prime factors of 15461?
15461
List the prime factors of 66018.
2, 3, 11003
List the prime factors of 3090.
2, 3, 5, 103
List the prime factors of 2369.
23, 103
List the prime factors of 11136.
2, 3, 29
What are the prime factors of 1041?
3, 347
What are the prime factors of 49349?
61, 809
List the prime factors of 1573.
11, 13
List the prime factors of 15174.
2, 3, 281
List the prime factors of 5749.
5749
What are the prime factors of 3520?
2, 5, 11
List the prime factors of 41391.
3, 7, 73
What are the prime factors of 45624?
2, 3, 1901
What are the prime factors of 7583?
7583
What are the prime factors of 41928?
2, 3, 1747
What are the prime factors of 52676?
2, 13, 1013
What are the prime factors of 14244?
2, 3, 1187
List the prime factors of 4074.
2, 3, 7, 97
What are the prime factors of 4771?
13, 367
What are the prime factors of 1159?
19, 61
List the prime factors of 25063.
71, 353
What are the prime factors of 87116?
2, 29, 751
What are the prime factors of 156?
2, 3, 13
List the prime factors of 11399.
11399
What are the prime factors of 80417?
29, 47, 59
What are the prime factors of 15277?
15277
What are the prime factors of 12717?
3, 157
What are the prime factors of 682?
2, 11, 31
What are the prime factors of 14590?
2, 5, 1459
List the prime factors of 1261.
13, 97
What are the prime factors of 19678?
2, 9839
What are the prime factors of 270?
2, 3, 5
List the prime factors of 12269.
12269
What are the prime factors of 380?
2, 5, 19
What are the prime factors of 52826?
2, 61, 433
What are the prime factors of 940?
2, 5, 47
List the prime factors of 38543.
38543
List the prime factors of 171.
3, 19
List the prime factors of 1683.
3, 11, 17
What are the prime factors of 1680?
2, 3, 5, 7
What are the prime factors of 5997?
3, 1999
List the prime factors of 7707.
3, 7, 367
What are the prime factors of 23569?
7, 13, 37
List the prime factors of 309.
3, 103
List the prime factors of 87464.
2, 13, 29
List the prime factors of 9962.
2, 17, 293
List the prime factors of 216.
2, 3
List the prime factors of 28377.
3, 1051
List the prime factors of 1298.
2, 11, 59
List the prime factors of 3048.
2, 3, 127
What are the prime factors of 7700?
2, 5, 7, 11
What are the prime factors of 740?
2, 5, 37
List the prime factors of 281.
281
List the prime factors of 8343.
3, 103
List the prime factors of 2474.
2, 1237
What are the prime factors of 15984?
2, 3, 37
List the prime factors of 32317.
17, 1901
List the prime factors of 49371.
3, 7, 2351
What are the prime factors of 448?
2, 7
List the prime factors of 1467.
3, 163
What are the prime factors of 1401?
3, 467
What are the prime factors of 23643?
3, 37, 71
What are the prime factors of 5264?
2, 7, 47
What are the prime factors of 4429?
43, 103
What are the prime factors of 50897?
7, 11, 661
List the prime factors of 1925.
5, 7, 11
What are the prime factors of 53633?
53633
List the prime factors of 6348.
2, 3, 23
List the prime factors of 1296.
2, 3
What are the prime factors of 28274?
2, 67, 211
List the prime factors of 188733.
3, 53, 1187
What are the prime factors of 12955?
5, 2591
What are the prime factors of 8015?
5, 7, 229
What are the prime factors of 73425?
3, 5, 11, 89
List the prime factors of 31466.
2, 15733
List the prime factors of 17776.
2, 11, 101
List the prime factors of 1044.
2, 3, 29
What are the prime factors of 3114?
2, 3, 173
List the prime factors of 766.
2, 383
List the prime factors of 2907.
3, 17, 19
What are the prime factors of 7110?
2, 3, 5, 79
List the prime factors of 1822.
2, 911
List the prime factors of 37101.
3, 83, 149
What are the prime factors of 1574?
2, 787
What are the prime factors of 32113?
17, 1889
List the prime factors of 28463.
28463
List the prime factors of 955.
5, 191
What are the prime factors of 277?
277
List the prime factors of 13516.
2, 31, 109
What are the prime factors of 51306?
2, 3, 17, 503
List the prime factors of 2789.
2789
What are the prime factors of 46867?
46867
What are the prime factors of 1965?
3, 5, 131
What are the prime factors of 400?
2, 5
List the prime factors of 131748.
2, 3, 10979
List the prime factors of 17145.
3, 5, 127
List the prime factors of 1514.
2, 757
What are the prime factors of 32558?
2, 73, 223
What are the prime factors of 49521?
3, 17, 971
What are the prime factors of 11388?
2, 3, 13, 73
List the prime factors of 6304.
2, 197
What are the prime factors of 575?
5, 23
List the prime factors of 42196.
2, 7, 11, 137
List the prime factors of 939.
3, 313
What are the prime factors of 54823?
73, 751
What are the prime factors of 8707?
8707
What are the prime factors of 809?
809
List the prime factors of 18113.
59, 307
What are the prime factors of 5008?
2, 313
What are the prime factors of 16090?
2, 5, 1609
List the prime factors of 4262.
2, 2131
List the prime factors of 5628.
2, 3, 7, 67
List the prime factors of 542.
2, 271
What are the prime factors of 33803?
7, 11, 439
List the prime factors of 18476.
2, 31, 149
List the prime factors of 32006.
2, 13, 1231
List the prime factors of 44833.
107, 419
List the prime factors of 86500.
2, 5, 173
What are the prime factors of 514?
2, 257
What are the prime factors of 396?
2, 3, 11
List the prime factors of 6126.
2, 3, 1021
List the prime factors of 18381.
3, 11, 557
List the prime factors of 971.
971
List the prime factors of 1493.
1493
What are the prime factors of 1608?
2, 3, 67
List the prime factors of 1212.
2, 3, 101
List the prime factors of 29432.
2, 13, 283
List the prime factors of 22361.
59, 379
List the prime factors of 7278.
2, 3, 1213
What are the prime factors of 74469?
3, 103, 241
List the prime factors of 36804.
2, 3, 3067
What are the prime factors of 1564?
2, 17, 23
List the prime factors of 46374.
2, 3, 59, 131
What are the prime factors of 40851?
3, 17, 89
What are the prime factors of 40550?
2, 5, 811
List the prime factors of 6391.
7, 11, 83
List the prime factors of 1490.
2, 5, 149
What are the prime factors of 1445?
5, 17
List the prime factors of 83925.
3, 5, 373
List the prime factors of 105273.
3, 7, 557
List the prime factors of 3786.
2, 3, 631
List the prime factors of 4059.
3, 11, 41
List the prime factors of 18360.
2, 3, 5, 17
List the prime factors of 1948.
2, 487
List the prime factors of 24499.
24499
List the prime factors of 796.
2, 199
What are the prime factors of 918?
2, 3, 17
List the prime factors of 97859.
97859
What are the prime factors of 3053?
43, 71
What are the prime factors of 25386?
2, 3, 4231
What are the prime factors of 254?
2, 127
What are the prime factors of 44302?
2, 17, 1303
List the prime factors of 23648.
2, 739
What are the prime factors of 26265?
3, 5, 17, 103
What are the prime factors of 1444?
2, 19
What are the prime factors of 8785?
5, 7, 251
What are the prime factors of 21089?
21089
What are the prime factors of 103393?
103393
What are the prime factors of 14679?
3, 7, 233
List the prime factors of 1142.
2, 571
List the prime factors of 110686.
2, 55343
What are the prime factors of 12293?
19, 647
What are the prime factors of 74416?
2, 4651
List the prime factors of 45775.
5, 1831
What are the prime factors of 1471?
1